ns digit of 2753?
5
What is the thousands digit of 36391?
6
What is the units digit of 117104?
4
What is the tens digit of 658?
5
What is the thousands digit of 135847?
5
What is the tens digit of 2926?
2
What is the hundreds digit of 1696?
6
What is the hundreds digit of 1029?
0
What is the tens digit of 364?
6
What is the hundreds digit of 1087?
0
What is the tens digit of 177?
7
What is the tens digit of 4268?
6
What is the thousands digit of 1297?
1
What is the thousands digit of 1114?
1
What is the tens digit of 2458?
5
What is the thousands digit of 27509?
7
What is the units digit of 152?
2
What is the thousands digit of 12669?
2
What is the units digit of 4467?
7
What is the units digit of 993?
3
What is the thousands digit of 1166?
1
What is the units digit of 334?
4
What is the hundreds digit of 509?
5
What is the thousands digit of 1574?
1
What is the thousands digit of 7727?
7
What is the thousands digit of 2149?
2
What is the ten thousands digit of 11678?
1
What is the tens digit of 52498?
9
What is the hundreds digit of 609?
6
What is the tens digit of 120870?
7
What is the units digit of 56860?
0
What is the units digit of 9593?
3
What is the hundred thousands digit of 162865?
1
What is the tens digit of 121?
2
What is the tens digit of 1930?
3
What is the hundreds digit of 21775?
7
What is the tens digit of 16379?
7
What is the tens digit of 7857?
5
What is the units digit of 690?
0
What is the units digit of 8411?
1
What is the tens digit of 37917?
1
What is the tens digit of 740?
4
What is the thousands digit of 4357?
4
What is the thousands digit of 9449?
9
What is the tens digit of 2298?
9
What is the units digit of 4449?
9
What is the tens digit of 2073?
7
What is the units digit of 12910?
0
What is the thousands digit of 1624?
1
What is the tens digit of 2767?
6
What is the tens digit of 4373?
7
What is the thousands digit of 23245?
3
What is the ten thousands digit of 33915?
3
What is the units digit of 5828?
8
What is the hundreds digit of 1948?
9
What is the thousands digit of 39397?
9
What is the tens digit of 2455?
5
What is the thousands digit of 4791?
4
What is the tens digit of 11286?
8
What is the units digit of 2461?
1
What is the tens digit of 6335?
3
What is the tens digit of 119577?
7
What is the thousands digit of 2913?
2
What is the hundreds digit of 3179?
1
What is the tens digit of 1934?
3
What is the tens digit of 535?
3
What is the units digit of 7763?
3
What is the units digit of 39529?
9
What is the thousands digit of 5091?
5
What is the tens digit of 2399?
9
What is the hundreds digit of 24234?
2
What is the thousands digit of 2659?
2
What is the hundreds digit of 761?
7
What is the hundreds digit of 24137?
1
What is the units digit of 12804?
4
What is the tens digit of 611?
1
What is the units digit of 2005?
5
What is the units digit of 141?
1
What is the ten thousands digit of 74353?
7
What is the thousands digit of 5036?
5
What is the units digit of 1268?
8
What is the hundreds digit of 7439?
4
What is the thousands digit of 2842?
2
What is the thousands digit of 1764?
1
What is the hundreds digit of 26536?
5
What is the ten thousands digit of 17817?
1
What is the tens digit of 180647?
4
What is the tens digit of 4014?
1
What is the units digit of 3017?
7
What is the thousands digit of 30481?
0
What is the hundreds digit of 9296?
2
What is the units digit of 12462?
2
What is the thousands digit of 105852?
5
What is the units digit of 41437?
7
What is the ten thousands digit of 70031?
7
What is the tens digit of 61?
6
What is the tens digit of 1293?
9
What is the units digit of 4468?
8
What is the hundreds digit of 5352?
3
What is the thousands digit of 1931?
1
What is the tens digit of 463?
6
What is the tens digit of 4370?
7
What is the hundreds digit of 1667?
6
What is the thousands digit of 134359?
4
What is the units digit of 6318?
8
What is the units digit of 17541?
1
What is the tens digit of 22296?
9
What is the units digit of 263?
3
What is the hundreds digit of 5005?
0
What is the units digit of 398?
8
What is the tens digit of 109?
0
What is the hundreds digit of 146227?
2
What is the thousands digit of 6580?
6
What is the tens digit of 109495?
9
What is the ten thousands digit of 36437?
3
What is the ten thousands digit of 77458?
7
What is the hundreds digit of 1503?
5
What is the thousands digit of 5182?
5
What is the tens digit of 549?
4
What is the units digit of 95329?
9
What is the hundreds digit of 1155?
1
What is the thousands digit of 24030?
4
What is the thousands digit of 2776?
2
What is the hundreds digit of 7724?
7
What is the thousands digit of 24187?
4
What is the hundreds digit of 8555?
5
What is the ten thousands digit of 30671?
3
What is the thousands digit of 1277?
1
What is the ten thousands digit of 110933?
1
What is the thousands digit of 3701?
3
What is the ten thousands digit of 33211?
3
What is the tens digit of 2232?
3
What is the hundreds digit of 3042?
0
What is the units digit of 42834?
4
What is the units digit of 39543?
3
What is the thousands digit of 13803?
3
What is the hundreds digit of 24864?
8
What is the tens digit of 5621?
2
What is the ten thousands digit of 20715?
2
What is the thousands digit of 21670?
1
What is the units digit of 7724?
4
What is the ten thousands digit of 42799?
4
What is the units digit of 304?
4
What is the thousands digit of 1486?
1
What is the tens digit of 1360?
6
What is the tens digit of 2186?
8
What is the tens digit of 734?
3
What is the tens digit of 4019?
1
What is the units digit of 14157?
7
What is the thousands digit of 1564?
1
What is the tens digit of 866?
6
What is the thousands digit of 49597?
9
What is the units digit of 6653?
3
What is the hundreds digit of 156765?
7
What is the thousands digit of 1658?
1
What is the hundreds digit of 47919?
9
What is the ten thousands digit of 28131?
2
What is the hundreds digit of 7513?
5
What is the tens digit of 1480?
8
What is the units digit of 71357?
7
What is the thousands digit of 97421?
7
What is the thousands digit of 16165?
6
What is the units digit of 670?
0
What is the tens digit of 496?
9
What is the tens digit of 2906?
0
What is the tens digit of 63383?
8
What is the hundreds digit of 957?
9
What is the hundreds digit of 9018?
0
What is the units digit of 5427?
7
What is the hundreds digit of 347?
3
What is the hundreds digit of 32103?
1
What is the units digit of 4530?
0
What is the thousands digit of 56931?
6
What is the thousands digit of 65288?
5
What is the tens digit of 59837?
3
What is the ten thousands digit of 22243?
2
What is the tens digit of 777?
7
What is the thousands digit of 1803?
1
What is the hundreds digit of 15497?
4
What is the thousands digit of 1805?
1
What is the ten thousands digit of 21689?
2
What is the units digit of 30942?
2
What is the units digit of 813?
3
What is the ten thousands digit of 16333?
1
What is the units digit of 739?
9
What is the hundreds digit of 7052?
0
What is the units digit of 3291?
1
What is the hundreds digit of 6209?
2
What is the tens digit of 312?
1
What is the hundreds digit of 20495?
4
What is the hundreds digit of 54938?
9
What is the ten thousands digit of 11608?
1
What is the tens digit of 17360?
6
What is the hundreds digit of 507?
5
What is the tens digit of 5377?
7
What is the hundreds digit of 7736?
7
What is the hundreds digit of 386?
3
What is the tens digit of 158?
5
What is the units digit of 17215?
5
What is the hundreds digit of 1767?
7
What is the hundreds digit of 3867?
8
What is the units digit of 477?
7
What is the tens digit of 4370?
7
What is the tens digit of 141846?
4
What is the hundreds digit of 3666?
6
What is the units digit of 62484?
4
What is the units digit of 638?
8
What is the tens digit of 2469?
6
What is the tens digit of 3212?
1
What is the tens digit of 8540?
4
What is the tens digit of 2975?
7
What is the tens digit of 11?
1
What is the thousands digit of 5548?
5
What is the hundreds digit of 4790?
7
What is the units digit of 4193?
3
What is the units digit of 1770?
0
What is the tens digit of 805?
0
What is the units digit of 16582?
2
What is the hundreds digit of 254?
2
What is the ten thousands digit of 23318?
2
What is the units digit of 7145?
5
What is the h